{"id":12,"date":"2024-07-08T20:00:05","date_gmt":"2024-07-08T18:00:05","guid":{"rendered":"https:\/\/thetahealing-bruxelles.be\/?page_id=12"},"modified":"2026-03-23T01:30:58","modified_gmt":"2026-03-23T00:30:58","slug":"therapeutes","status":"publish","type":"page","link":"https:\/\/thetahealing-bruxelles.be\/index.php\/therapeutes\/","title":{"rendered":"Th\u00e9rapeutes"},"content":{"rendered":"<div class=\"wp-block-image\">\n<figure class=\"aligncenter size-full\"><img fetchpriority=\"high\" decoding=\"async\" width=\"540\" height=\"372\" src=\"https:\/\/thetahealing-bruxelles.be\/wp-content\/uploads\/2025\/02\/cropped-Th-Bxl-logo.png\" alt=\"\" class=\"wp-image-178\" srcset=\"https:\/\/thetahealing-bruxelles.be\/wp-content\/uploads\/2025\/02\/cropped-Th-Bxl-logo.png 540w, https:\/\/thetahealing-bruxelles.be\/wp-content\/uploads\/2025\/02\/cropped-Th-Bxl-logo-300x207.png 300w\" sizes=\"(max-width: 540px) 100vw, 540px\" \/><\/figure>\n<\/div>","protected":false},"excerpt":{"rendered":"","protected":false},"author":1,"featured_media":0,"parent":0,"menu_order":0,"comment_status":"closed","ping_status":"closed","template":"","meta":{"footnotes":""},"class_list":["post-12","page","type-page","status-publish","hentry"],"yoast_head":"<!-- This site is optimized with the Yoast SEO plugin v27.3 - https:\/\/yoast.com\/product\/yoast-seo-wordpress\/ -->\n<title>Th\u00e9rapeutes - ThetaHealing-Bruxelles<\/title>\n<meta name=\"description\" content=\"Vous trouverez sur cette page les diff\u00e9rents th\u00e9rapeutes qui pratiquent le thetahealing \u00e0 Bruxelles et en Belgique.\" \/>\n<meta name=\"robots\" content=\"index, follow, max-snippet:-1, max-image-preview:large, max-video-preview:-1\" \/>\n<link rel=\"canonical\" href=\"https:\/\/thetahealing-bruxelles.be\/index.php\/therapeutes\/\" \/>\n<meta property=\"og:locale\" content=\"fr_FR\" \/>\n<meta property=\"og:type\" content=\"article\" \/>\n<meta property=\"og:title\" content=\"Th\u00e9rapeutes - ThetaHealing-Bruxelles\" \/>\n<meta property=\"og:description\" content=\"Vous trouverez sur cette page les diff\u00e9rents th\u00e9rapeutes qui pratiquent le thetahealing \u00e0 Bruxelles et en Belgique.\" \/>\n<meta property=\"og:url\" content=\"https:\/\/thetahealing-bruxelles.be\/index.php\/therapeutes\/\" \/>\n<meta property=\"og:site_name\" content=\"ThetaHealing-Bruxelles\" \/>\n<meta property=\"article:modified_time\" content=\"2026-03-23T00:30:58+00:00\" \/>\n<meta property=\"og:image\" content=\"http:\/\/thetahealing-bruxelles.be\/wp-content\/uploads\/2025\/02\/cropped-Th-Bxl-logo.png\" \/>\n<meta name=\"twitter:card\" content=\"summary_large_image\" \/>\n<meta name=\"twitter:label1\" content=\"Dur\u00e9e de lecture estim\u00e9e\" \/>\n\t<meta name=\"twitter:data1\" content=\"1 minute\" \/>\n<script type=\"application\/ld+json\" class=\"yoast-schema-graph\">{\"@context\":\"https:\\\/\\\/schema.org\",\"@graph\":[{\"@type\":\"WebPage\",\"@id\":\"https:\\\/\\\/thetahealing-bruxelles.be\\\/index.php\\\/therapeutes\\\/\",\"url\":\"https:\\\/\\\/thetahealing-bruxelles.be\\\/index.php\\\/therapeutes\\\/\",\"name\":\"Th\u00e9rapeutes - ThetaHealing-Bruxelles\",\"isPartOf\":{\"@id\":\"https:\\\/\\\/thetahealing-bruxelles.be\\\/#website\"},\"primaryImageOfPage\":{\"@id\":\"https:\\\/\\\/thetahealing-bruxelles.be\\\/index.php\\\/therapeutes\\\/#primaryimage\"},\"image\":{\"@id\":\"https:\\\/\\\/thetahealing-bruxelles.be\\\/index.php\\\/therapeutes\\\/#primaryimage\"},\"thumbnailUrl\":\"http:\\\/\\\/thetahealing-bruxelles.be\\\/wp-content\\\/uploads\\\/2025\\\/02\\\/cropped-Th-Bxl-logo.png\",\"datePublished\":\"2024-07-08T18:00:05+00:00\",\"dateModified\":\"2026-03-23T00:30:58+00:00\",\"description\":\"Vous trouverez sur cette page les diff\u00e9rents th\u00e9rapeutes qui pratiquent le thetahealing \u00e0 Bruxelles et en Belgique.\",\"breadcrumb\":{\"@id\":\"https:\\\/\\\/thetahealing-bruxelles.be\\\/index.php\\\/therapeutes\\\/#breadcrumb\"},\"inLanguage\":\"fr-FR\",\"potentialAction\":[{\"@type\":\"ReadAction\",\"target\":[\"https:\\\/\\\/thetahealing-bruxelles.be\\\/index.php\\\/therapeutes\\\/\"]}]},{\"@type\":\"ImageObject\",\"inLanguage\":\"fr-FR\",\"@id\":\"https:\\\/\\\/thetahealing-bruxelles.be\\\/index.php\\\/therapeutes\\\/#primaryimage\",\"url\":\"http:\\\/\\\/thetahealing-bruxelles.be\\\/wp-content\\\/uploads\\\/2025\\\/02\\\/cropped-Th-Bxl-logo.png\",\"contentUrl\":\"http:\\\/\\\/thetahealing-bruxelles.be\\\/wp-content\\\/uploads\\\/2025\\\/02\\\/cropped-Th-Bxl-logo.png\"},{\"@type\":\"BreadcrumbList\",\"@id\":\"https:\\\/\\\/thetahealing-bruxelles.be\\\/index.php\\\/therapeutes\\\/#breadcrumb\",\"itemListElement\":[{\"@type\":\"ListItem\",\"position\":1,\"name\":\"Accueil\",\"item\":\"https:\\\/\\\/thetahealing-bruxelles.be\\\/\"},{\"@type\":\"ListItem\",\"position\":2,\"name\":\"Th\u00e9rapeutes\"}]},{\"@type\":\"WebSite\",\"@id\":\"https:\\\/\\\/thetahealing-bruxelles.be\\\/#website\",\"url\":\"https:\\\/\\\/thetahealing-bruxelles.be\\\/\",\"name\":\"ThetaHealing-Bruxelles\",\"description\":\"D\u00e9passez vos croyances limitantes !\",\"potentialAction\":[{\"@type\":\"SearchAction\",\"target\":{\"@type\":\"EntryPoint\",\"urlTemplate\":\"https:\\\/\\\/thetahealing-bruxelles.be\\\/?s={search_term_string}\"},\"query-input\":{\"@type\":\"PropertyValueSpecification\",\"valueRequired\":true,\"valueName\":\"search_term_string\"}}],\"inLanguage\":\"fr-FR\"}]}<\/script>\n<!-- \/ Yoast SEO plugin. -->","yoast_head_json":{"title":"Th\u00e9rapeutes - ThetaHealing-Bruxelles","description":"Vous trouverez sur cette page les diff\u00e9rents th\u00e9rapeutes qui pratiquent le thetahealing \u00e0 Bruxelles et en Belgique.","robots":{"index":"index","follow":"follow","max-snippet":"max-snippet:-1","max-image-preview":"max-image-preview:large","max-video-preview":"max-video-preview:-1"},"canonical":"https:\/\/thetahealing-bruxelles.be\/index.php\/therapeutes\/","og_locale":"fr_FR","og_type":"article","og_title":"Th\u00e9rapeutes - ThetaHealing-Bruxelles","og_description":"Vous trouverez sur cette page les diff\u00e9rents th\u00e9rapeutes qui pratiquent le thetahealing \u00e0 Bruxelles et en Belgique.","og_url":"https:\/\/thetahealing-bruxelles.be\/index.php\/therapeutes\/","og_site_name":"ThetaHealing-Bruxelles","article_modified_time":"2026-03-23T00:30:58+00:00","og_image":[{"url":"http:\/\/thetahealing-bruxelles.be\/wp-content\/uploads\/2025\/02\/cropped-Th-Bxl-logo.png","type":"","width":"","height":""}],"twitter_card":"summary_large_image","twitter_misc":{"Dur\u00e9e de lecture estim\u00e9e":"1 minute"},"schema":{"@context":"https:\/\/schema.org","@graph":[{"@type":"WebPage","@id":"https:\/\/thetahealing-bruxelles.be\/index.php\/therapeutes\/","url":"https:\/\/thetahealing-bruxelles.be\/index.php\/therapeutes\/","name":"Th\u00e9rapeutes - ThetaHealing-Bruxelles","isPartOf":{"@id":"https:\/\/thetahealing-bruxelles.be\/#website"},"primaryImageOfPage":{"@id":"https:\/\/thetahealing-bruxelles.be\/index.php\/therapeutes\/#primaryimage"},"image":{"@id":"https:\/\/thetahealing-bruxelles.be\/index.php\/therapeutes\/#primaryimage"},"thumbnailUrl":"http:\/\/thetahealing-bruxelles.be\/wp-content\/uploads\/2025\/02\/cropped-Th-Bxl-logo.png","datePublished":"2024-07-08T18:00:05+00:00","dateModified":"2026-03-23T00:30:58+00:00","description":"Vous trouverez sur cette page les diff\u00e9rents th\u00e9rapeutes qui pratiquent le thetahealing \u00e0 Bruxelles et en Belgique.","breadcrumb":{"@id":"https:\/\/thetahealing-bruxelles.be\/index.php\/therapeutes\/#breadcrumb"},"inLanguage":"fr-FR","potentialAction":[{"@type":"ReadAction","target":["https:\/\/thetahealing-bruxelles.be\/index.php\/therapeutes\/"]}]},{"@type":"ImageObject","inLanguage":"fr-FR","@id":"https:\/\/thetahealing-bruxelles.be\/index.php\/therapeutes\/#primaryimage","url":"http:\/\/thetahealing-bruxelles.be\/wp-content\/uploads\/2025\/02\/cropped-Th-Bxl-logo.png","contentUrl":"http:\/\/thetahealing-bruxelles.be\/wp-content\/uploads\/2025\/02\/cropped-Th-Bxl-logo.png"},{"@type":"BreadcrumbList","@id":"https:\/\/thetahealing-bruxelles.be\/index.php\/therapeutes\/#breadcrumb","itemListElement":[{"@type":"ListItem","position":1,"name":"Accueil","item":"https:\/\/thetahealing-bruxelles.be\/"},{"@type":"ListItem","position":2,"name":"Th\u00e9rapeutes"}]},{"@type":"WebSite","@id":"https:\/\/thetahealing-bruxelles.be\/#website","url":"https:\/\/thetahealing-bruxelles.be\/","name":"ThetaHealing-Bruxelles","description":"D\u00e9passez vos croyances limitantes !","potentialAction":[{"@type":"SearchAction","target":{"@type":"EntryPoint","urlTemplate":"https:\/\/thetahealing-bruxelles.be\/?s={search_term_string}"},"query-input":{"@type":"PropertyValueSpecification","valueRequired":true,"valueName":"search_term_string"}}],"inLanguage":"fr-FR"}]}},"acf":[],"_links":{"self":[{"href":"https:\/\/thetahealing-bruxelles.be\/index.php\/wp-json\/wp\/v2\/pages\/12","targetHints":{"allow":["GET"]}}],"collection":[{"href":"https:\/\/thetahealing-bruxelles.be\/index.php\/wp-json\/wp\/v2\/pages"}],"about":[{"href":"https:\/\/thetahealing-bruxelles.be\/index.php\/wp-json\/wp\/v2\/types\/page"}],"author":[{"embeddable":true,"href":"https:\/\/thetahealing-bruxelles.be\/index.php\/wp-json\/wp\/v2\/users\/1"}],"replies":[{"embeddable":true,"href":"https:\/\/thetahealing-bruxelles.be\/index.php\/wp-json\/wp\/v2\/comments?post=12"}],"version-history":[{"count":3,"href":"https:\/\/thetahealing-bruxelles.be\/index.php\/wp-json\/wp\/v2\/pages\/12\/revisions"}],"predecessor-version":[{"id":184,"href":"https:\/\/thetahealing-bruxelles.be\/index.php\/wp-json\/wp\/v2\/pages\/12\/revisions\/184"}],"wp:attachment":[{"href":"https:\/\/thetahealing-bruxelles.be\/index.php\/wp-json\/wp\/v2\/media?parent=12"}],"curies":[{"name":"wp","href":"https:\/\/api.w.org\/{rel}","templated":true}]}}